and 1976.
152
What is the greatest common divisor of 117 and 71550738?
9
Calculate the highest common divisor of 107601 and 765762.
93
Calculate the greatest common factor of 63 and 20037969.
63
Calculate the highest common divisor of 1254 and 7284189.
33
What is the greatest common factor of 3425840 and 1090?
10
What is the highest common factor of 1736674002 and 2862?
954
What is the greatest common divisor of 406278 and 77751?
9
Calculate the greatest common divisor of 92212362 and 24354.
8118
Calculate the greatest common divisor of 1792 and 1921808.
112
What is the highest common factor of 26621632 and 2496?
64
Calculate the greatest common divisor of 3388 and 15331547.
847
Calculate the highest common factor of 2810537 and 522633.
1007
What is the highest common divisor of 18935 and 49805?
35
What is the greatest common factor of 5068280 and 44859?
787
Calculate the greatest common divisor of 13072401 and 2147121.
7587
What is the greatest common factor of 53658 and 270?
18
What is the highest common factor of 7345875 and 1455?
15
What is the highest common factor of 474666 and 42?
6
Calculate the greatest common divisor of 348462 and 2407686.
1434
What is the greatest common factor of 96 and 158651232?
96
What is the highest common divisor of 74925 and 756835?
185
Calculate the greatest common divisor of 151640 and 708248.
1784
What is the greatest common divisor of 366335 and 75786670?
8935
What is the greatest common divisor of 91517 and 164519?
529
Calculate the greatest common divisor of 128714755 and 130.
65
What is the greatest common divisor of 8100 and 18040725?
2025
Calculate the greatest common divisor of 3386680 and 5728.
1432
What is the greatest common divisor of 48536384 and 832?
832
Calculate the greatest common factor of 904764718 and 22.
22
Calculate the greatest common divisor of 30244340 and 1140.
20
Calculate the greatest common divisor of 227 and 563437381.
227
What is the highest common divisor of 40621940 and 1065?
355
Calculate the highest common factor of 8332551 and 162.
81
Calculate the greatest common factor of 45558578 and 26.
26
Calculate the greatest common factor of 866377 and 37616279.
12931
What is the highest common divisor of 29302845 and 1430?
715
What is the highest common factor of 28716 and 103692?
12
What is the greatest common factor of 27834450 and 90?
30
What is the highest common divisor of 291776 and 313892?
388
Calculate the highest common divisor of 19486 and 488562735.
9743
What is the highest common factor of 8 and 13629922?
2
Calculate the greatest common factor of 2280 and 468312.
456
What is the greatest common factor of 758800 and 216?
8
Calculate the greatest common factor of 24084 and 524423079.
6021
What is the highest common factor of 2454210 and 18722?
814
What is the greatest common divisor of 25321180 and 40?
20
What is the greatest common factor of 7569040 and 2680?
40
Calculate the greatest common divisor of 810 and 8703030.
30
What is the greatest common factor of 533112342 and 84?
42
Calculate the highest common factor of 703 and 931703.
19
What is the highest common factor of 229372 and 44736362?
8822
What is the greatest common divisor of 42382539 and 166?
83
What is the highest common divisor of 115988 and 217852?
428
Calculate the greatest common divisor of 732067 and 21091.
161
What is the greatest common factor of 390 and 3422445?
195
Calculate the greatest common factor of 10004 and 238292.
164
Calculate the greatest common divisor of 113120 and 95647.
101
Calculate the greatest common divisor of 3822266 and 112.
14
Calculate the greatest common factor of 476057897 and 42.
7
Calculate the highest common divisor of 41984372 and 32.
4
What is the greatest common divisor of 15231794 and 4366?
118
Calculate the greatest common divisor of 52 and 138286642.
26
Calculate the greatest common divisor of 43578 and 165078.
162
What is the highest common factor of 8872748 and 148?
148
Calculate the greatest common divisor of 12258 and 40543562.
454
Calculate the highest common divisor of 232936 and 10408.
8
What is the greatest common divisor of 23826 and 2300254?
418
What is the highest common divisor of 18781 and 288?
1
Calculate the greatest common factor of 976758 and 7958.
346
What is the greatest common factor of 31983 and 247058014?
10661
What is the highest common divisor of 8 and 13108064?
8
Calculate the highest common divisor of 116 and 7960558.
58
What is the greatest common divisor of 105 and 3643479?
21
Calculate the greatest common factor of 12208 and 9221618.
1526
Calculate the greatest common divisor of 228322398 and 6312.
1578
Calculate the greatest common divisor of 20900256 and 1872.
624
Calculate the highest common divisor of 54 and 32077998.
54
Calculate the highest common divisor of 10241 and 5352809.
539
What is the highest common factor of 1647 and 998509?
61
What is the greatest common factor of 193468669 and 1?
1
What is the highest common factor of 26619 and 342627?
57
Calculate the greatest common factor of 76322540 and 140.
140
What is the highest common divisor of 1 and 1272083?
1
What is the highest common divisor of 5738 and 3258278?
302
Calculate the highest common divisor of 120628872 and 56.
56
Calculate the greatest common divisor of 21 and 9892652.
7
What is the greatest common divisor of 616644 and 11970?
126
Calculate the greatest common divisor of 545850 and 122300.
50
Calculate the highest common divisor of 112984 and 617516.
1948
Calculate the highest common factor of 188 and 3080192.
188
Calculate the highest common divisor of 221 and 246949769.
17
What is the highest common divisor of 105909572 and 8740?
1748
Calculate the greatest common factor of 84010 and 49374845.
1355
Calculate the highest common divisor of 45649 and 310757.
191
Calculate the highest common factor of 35830069 and 517.
11
What is the highest common divisor of 813 and 429565352?
271
Calculate the greatest common divisor of 1453518 and 24678.
54
Calculate the greatest common divisor of 1611197 and 3707.
337
Calculate the greatest common factor of 315 and 733272750.
315
What is the greatest common divisor of 10119679 and 2653?
379
What is the highest common factor of 16520120 and 1900?
380
Calculate the highest common divisor of 132 and 7941252.
132
Calculate the highest common factor of 102550 and 7750.
50
Calculate the highest common factor of 1760 and 6227320.
440
What is the greatest common factor of 3159 and 43991181?
1053
What is the greatest common divisor of 609 and 6573198?
87
Calculate the highest common factor of 105453700 and 110.
110
What is the greatest common divisor of 545890 and 2185930?
790
What is the greatest common factor of 196742 and 192234?
322
What is the greatest common factor of 380 and 836653372?
76
What is the highest common divisor of 1704 and 2989823064?
1704
What is the highest common factor of 11884650 and 300?
150
What is the greatest common divisor of 8 and 64770536?
8
What is the greatest common factor of 22444 and 6758?
62
Calculate the greatest common factor of 18987601 and 71.
71
Calculate the greatest common factor of 2043524 and 345681.
413
Calculate the highest common factor of 9275 and 962003.
371
Calculate the greatest common divisor of 218235520 and 15618.
5206
What is the greatest common factor of 10832068 and 416?
52
What is the highest common factor of 10596 and 77371109?
883
What is the greatest common factor of 2744184 and 2180?
436
What is the greatest common divisor of 213638564 and 12?
4
Calculate the highest common factor of 200 and 3404840.
40
What is the greatest common divisor of 8802700 and 3808100?
11300
What is the greatest common factor of 13266659 and 812?
203
What is the highest common factor of 1476 and 22655288?
164
What is the greatest common factor of 40565688 and 72?
24
What is the highest common factor of 1336 and 1530889?
167
What is the greatest common divisor of 63 and 284249385?
63
Calculate the highest common factor of 4772238 and 114.
6
Calculate the greatest common divisor of 2330928 and 54.
18
What is the greatest common factor of 1674510 and 150?
30
What is the highest common factor of 57 and 939994182?
57
What is the highest common divisor of 270 and 27155952?
54
What is the greatest